hen 726427 is divided by 242137.
16
Calculate the remainder when 6575 is divided by 200.
175
Calculate the remainder when 33688 is divided by 11224.
16
What is the remainder when 25914 is divided by 1438?
30
What is the remainder when 3175 is divided by 68?
47
Calculate the remainder when 2171 is divided by 75.
71
What is the remainder when 255501 is divided by 140?
1
Calculate the remainder when 982866 is divided by 1073.
1071
What is the remainder when 8573 is divided by 8559?
14
What is the remainder when 47957 is divided by 26?
13
Calculate the remainder when 220107 is divided by 110037.
33
Calculate the remainder when 12386 is divided by 4029.
299
Calculate the remainder when 263955 is divided by 29.
26
Calculate the remainder when 707 is divided by 33.
14
What is the remainder when 702524 is divided by 458?
410
What is the remainder when 816460 is divided by 68038?
4
What is the remainder when 8959 is divided by 334?
275
Calculate the remainder when 260659 is divided by 4.
3
What is the remainder when 5880 is divided by 368?
360
Calculate the remainder when 11764 is divided by 5871.
22
What is the remainder when 25933 is divided by 306?
229
What is the remainder when 16401 is divided by 60?
21
What is the remainder when 3334 is divided by 331?
24
Calculate the remainder when 694 is divided by 337.
20
Calculate the remainder when 1270 is divided by 125.
20
What is the remainder when 61902 is divided by 292?
290
Calculate the remainder when 63268 is divided by 9036.
16
Calculate the remainder when 14856 is divided by 4941.
33
What is the remainder when 155805 is divided by 144?
141
Calculate the remainder when 7413 is divided by 7223.
190
What is the remainder when 8416 is divided by 239?
51
What is the remainder when 16056 is divided by 137?
27
Calculate the remainder when 11022 is divided by 208.
206
Calculate the remainder when 23478 is divided by 2126.
92
What is the remainder when 11883 is divided by 118?
83
What is the remainder when 401145 is divided by 33?
30
Calculate the remainder when 2541 is divided by 23.
11
What is the remainder when 12202 is divided by 762?
10
What is the remainder when 1140048 is divided by 514?
510
What is the remainder when 1418 is divided by 359?
341
What is the remainder when 1303 is divided by 338?
289
What is the remainder when 1501 is divided by 84?
73
What is the remainder when 7716 is divided by 1810?
476
What is the remainder when 820427 is divided by 159?
146
Calculate the remainder when 11661 is divided by 307.
302
Calculate the remainder when 72938 is divided by 36414.
110
What is the remainder when 561817 is divided by 75?
67
Calculate the remainder when 22783 is divided by 1340.
3
Calculate the remainder when 365888 is divided by 12.
8
What is the remainder when 119614 is divided by 267?
265
Calculate the remainder when 10189 is divided by 3394.
7
Calculate the remainder when 7738 is divided by 33.
16
What is the remainder when 28284 is divided by 442?
438
Calculate the remainder when 6813 is divided by 10.
3
What is the remainder when 2524 is divided by 11?
5
Calculate the remainder when 44360 is divided by 56.
8
Calculate the remainder when 33305 is divided by 7.
6
Calculate the remainder when 1406 is divided by 452.
50
Calculate the remainder when 24508 is divided by 129.
127
Calculate the remainder when 187 is divided by 170.
17
What is the remainder when 213 is divided by 166?
47
What is the remainder when 6853 is divided by 3173?
507
What is the remainder when 1757 is divided by 1666?
91
Calculate the remainder when 44129 is divided by 1815.
569
What is the remainder when 70360 is divided by 11724?
16
What is the remainder when 15148 is divided by 50?
48
What is the remainder when 8634 is divided by 315?
129
What is the remainder when 473 is divided by 170?
133
What is the remainder when 24237 is divided by 59?
47
What is the remainder when 19179 is divided by 6245?
444
Calculate the remainder when 8322 is divided by 321.
297
Calculate the remainder when 6997 is divided by 55.
12
Calculate the remainder when 1920 is divided by 884.
152
Calculate the remainder when 20451 is divided by 759.
717
Calculate the remainder when 358874 is divided by 319.
318
Calculate the remainder when 64891 is divided by 32407.
77
What is the remainder when 65340 is divided by 4?
0
What is the remainder when 74357 is divided by 59?
17
Calculate the remainder when 2178 is divided by 318.
270
Calculate the remainder when 33885 is divided by 520.
85
Calculate the remainder when 3367 is divided by 3341.
26
What is the remainder when 9719 is divided by 113?
1
Calculate the remainder when 14616 is divided by 1033.
154
Calculate the remainder when 6951 is divided by 1156.
15
What is the remainder when 936 is divided by 224?
40
What is the remainder when 50867 is divided by 36?
35
What is the remainder when 127071 is divided by 361?
360
What is the remainder when 56748 is divided by 36?
12
What is the remainder when 6031 is divided by 1155?
256
What is the remainder when 86798 is divided by 135?
128
Calculate the remainder when 658497 is divided by 7.
0
What is the remainder when 242419 is divided by 115?
114
Calculate the remainder when 34447 is divided by 33.
28
What is the remainder when 153602 is divided by 76797?
8
Calculate the remainder when 4103 is divided by 273.
8
Calculate the remainder when 724 is divided by 352.
20
Calculate the remainder when 3752 is divided by 186.
32
What is the remainder when 2441 is divided by 1013?
415
What is the remainder when 67682 is divided by 413?
363
Calculate the remainder when 138710 is divided by 619.
54
What is the remainder when 208 is divided by 140?
68
What is the remainder when 104694 is divided by 759?
711
Calculate the remainder when 278924 is divided by 9.
5
Calculate the remainder when 122829 is divided by 24565.
4
What is the remainder when 16327 is divided by 1450?
377
What is the remainder when 887141 is divided by 641?
638
What is the remainder when 2690 is divided by 2521?
169
What is the remainder when 4831 is divided by 773?
193
What is the remainder when 48923 is divided by 48883?
40
Calculate the remainder when 7183 is divided by 3557.
69
What is the remainder when 11282 is divided by 136?
130
What is the remainder when 1793 is divided by 627?
539
Calculate the remainder when 5480 is divided by 592.
152
What is the remainder when 12528 is divided by 392?
376
Calculate the remainder when 1548804 is divided by 1973.
1972
What is the remainder when 42280 is divided by 595?
35
What is the remainder when 126708 is divided by 77?
43
What is the remainder when 1185 is divided by 238?
233
What is the remainder when 1528 is divided by 18?
16
What is the remainder when 27512 is divided by 9166?
14
What is the remainder when 93101 is divided by 21?
8
What is the remainder when 13003 is divided by 1083?
7
Calculate the remainder when 5293 is divided by 139.
11
What is the remainder when 52410 is divided by 6?
0
What is the remainder when 1415195 is divided by 342?
341
Calculate the remainder when 3261 is divided by 298.
281
Calculate the remainder when 45440 is divided by 1259.
116
Calculate the remainder when 1689280 is divided by 738.
736
Calculate the remainder when 6563 is divided by 156.
11
Calculate the remainder when 159147 is divided by 5.
2
Calculate the remainder when 52897 is divided by 11.
9
What is the remainder when 136517 is divided by 366?
365
What is the remainder when 531439 is divided by 292?
291
What is the remainder when 44379 is divided by 76?
71
What is the remainder when 3770491 is divided by 1474?
1473
What is the remainder when 1045 is divided by 887?
158
Calculate the remainder when 138541 is divided by 258.
253
What is the remainder when 346325 is divided by 15742?
1
What is the remainder when 29271 is divided by 238?
235
What is the remainder when 13135 is divided by 48?
31
Calculate the remainder when 444099 is divided by 257.
3
What is the remainder when 14600 is divided by 14575?
25
What is the remainder when 10289 is divided by 5140?
9
Calculate the remainder when 12495 is divided by 11.
10
What is the remainder when 19655 is divided by 371?
363
Calculate the remainder when 3812 is divided by 1266.
14
What is the remainder when 